{"id":663,"date":"2024-10-21T21:14:23","date_gmt":"2024-10-21T19:14:23","guid":{"rendered":"https:\/\/slctorcy.fr\/WorldPress\/?page_id=663"},"modified":"2026-03-08T21:00:10","modified_gmt":"2026-03-08T20:00:10","slug":"ecole-des-ados","status":"publish","type":"page","link":"http:\/\/slctorcy.fr\/WorldPress\/ecole-des-ados\/","title":{"rendered":"Ecole des ados"},"content":{"rendered":"\t\t<div data-elementor-type=\"wp-page\" data-elementor-id=\"663\" class=\"elementor elementor-663\">\n\t\t\t\t<div class=\"elementor-element elementor-element-ed382cf e-con-full e-flex e-con e-child\" data-id=\"ed382cf\" data-element_type=\"container\" data-settings=\"{&quot;background_background&quot;:&quot;classic&quot;,&quot;shape_divider_top&quot;:&quot;curve&quot;}\">\n\t\t\t\t<div class=\"elementor-shape elementor-shape-top\" data-negative=\"false\">\n\t\t\t<svg xmlns=\"http:\/\/www.w3.org\/2000\/svg\" viewBox=\"0 0 1000 100\" preserveAspectRatio=\"none\">\n    <path class=\"elementor-shape-fill\" d=\"M1000,4.3V0H0v4.3C0.9,23.1,126.7,99.2,500,100S1000,22.7,1000,4.3z\"\/>\n<\/svg>\t\t<\/div>\n\t\t\t\t<div class=\"elementor-element elementor-element-620af6d elementor-widget__width-initial elementor-widget elementor-widget-image\" data-id=\"620af6d\" data-element_type=\"widget\" data-widget_type=\"image.default\">\n\t\t\t\t<div class=\"elementor-widget-container\">\n\t\t\t\t\t\t\t\t\t\t\t\t\t<img fetchpriority=\"high\" decoding=\"async\" width=\"343\" height=\"315\" src=\"http:\/\/slctorcy.fr\/WorldPress\/wp-content\/uploads\/2024\/11\/Logo-ecole-chiot.jpg\" class=\"attachment-full size-full wp-image-2553\" alt=\"\" srcset=\"http:\/\/slctorcy.fr\/WorldPress\/wp-content\/uploads\/2024\/11\/Logo-ecole-chiot.jpg 343w, http:\/\/slctorcy.fr\/WorldPress\/wp-content\/uploads\/2024\/11\/Logo-ecole-chiot-300x276.jpg 300w\" sizes=\"(max-width: 343px) 100vw, 343px\" \/>\t\t\t\t\t\t\t\t\t\t\t\t\t<\/div>\n\t\t\t\t<\/div>\n\t\t\t\t<div class=\"elementor-element elementor-element-f9f0639 elementor-widget elementor-widget-heading\" data-id=\"f9f0639\" data-element_type=\"widget\" data-widget_type=\"heading.default\">\n\t\t\t\t<div class=\"elementor-widget-container\">\n\t\t\t<h2 class=\"elementor-heading-title elementor-size-default\">ECOLES DES ADOS<\/h2>\t\t<\/div>\n\t\t\t\t<\/div>\n\t\t\t\t<\/div>\n\t\t<div class=\"elementor-element elementor-element-3f265ca e-flex e-con-boxed e-con e-parent\" data-id=\"3f265ca\" data-element_type=\"container\">\n\t\t\t\t\t<div class=\"e-con-inner\">\n\t\t<div class=\"elementor-element elementor-element-b233199 e-con-full elementor-hidden-mobile e-flex e-con e-child\" data-id=\"b233199\" data-element_type=\"container\" data-settings=\"{&quot;background_background&quot;:&quot;classic&quot;}\">\n\t\t\t\t<\/div>\n\t\t<div class=\"elementor-element elementor-element-2ab57d6 e-con-full elementor-hidden-mobile e-flex e-con e-child\" data-id=\"2ab57d6\" data-element_type=\"container\" data-settings=\"{&quot;background_background&quot;:&quot;classic&quot;}\">\n\t\t\t\t<\/div>\n\t\t<div class=\"elementor-element elementor-element-069b335 e-con-full e-flex e-con e-child\" data-id=\"069b335\" data-element_type=\"container\" data-settings=\"{&quot;background_background&quot;:&quot;classic&quot;}\">\n\t\t\t\t<div class=\"elementor-element elementor-element-25e489a elementor-widget__width-initial elementor-widget-tablet__width-initial elementor-widget elementor-widget-text-editor\" data-id=\"25e489a\" data-element_type=\"widget\" data-widget_type=\"text-editor.default\">\n\t\t\t\t<div class=\"elementor-widget-container\">\n\t\t\t\t\t\t\t<p>Les horaires des cours sont dispens\u00e9s pour les chiots de 6 mois \u00e0 1 an :<\/p><ul><li>Samedi 9h00 &#8211; 10h00<\/li><\/ul>\t\t\t\t\t\t<\/div>\n\t\t\t\t<\/div>\n\t\t\t\t<div class=\"elementor-element elementor-element-d440a02 elementor-widget elementor-widget-button\" data-id=\"d440a02\" data-element_type=\"widget\" data-widget_type=\"button.default\">\n\t\t\t\t<div class=\"elementor-widget-container\">\n\t\t\t\t\t\t\t<div class=\"elementor-button-wrapper\">\n\t\t\t\t\t<a class=\"elementor-button elementor-button-link elementor-size-sm\" href=\"http:\/\/slctorcy.fr\/WorldPress\/planning\/\">\n\t\t\t\t\t\t<span class=\"elementor-button-content-wrapper\">\n\t\t\t\t\t\t<span class=\"elementor-button-icon\">\n\t\t\t\t<svg aria-hidden=\"true\" class=\"e-font-icon-svg e-far-hand-paper\" viewBox=\"0 0 448 512\" xmlns=\"http:\/\/www.w3.org\/2000\/svg\"><path d=\"M372.57 112.641v-10.825c0-43.612-40.52-76.691-83.039-65.546-25.629-49.5-94.09-47.45-117.982.747C130.269 26.456 89.144 57.945 89.144 102v126.13c-19.953-7.427-43.308-5.068-62.083 8.871-29.355 21.796-35.794 63.333-14.55 93.153L132.48 498.569a32 32 0 0 0 26.062 13.432h222.897c14.904 0 27.835-10.289 31.182-24.813l30.184-130.958A203.637 203.637 0 0 0 448 310.564V179c0-40.62-35.523-71.992-75.43-66.359zm27.427 197.922c0 11.731-1.334 23.469-3.965 34.886L368.707 464h-201.92L51.591 302.303c-14.439-20.27 15.023-42.776 29.394-22.605l27.128 38.079c8.995 12.626 29.031 6.287 29.031-9.283V102c0-25.645 36.571-24.81 36.571.691V256c0 8.837 7.163 16 16 16h6.856c8.837 0 16-7.163 16-16V67c0-25.663 36.571-24.81 36.571.691V256c0 8.837 7.163 16 16 16h6.856c8.837 0 16-7.163 16-16V101.125c0-25.672 36.57-24.81 36.57.691V256c0 8.837 7.163 16 16 16h6.857c8.837 0 16-7.163 16-16v-76.309c0-26.242 36.57-25.64 36.57-.691v131.563z\"><\/path><\/svg>\t\t\t<\/span>\n\t\t\t\t\t\t\t\t\t<span class=\"elementor-button-text\">Pensez \u00e0 vous inscrire ici<\/span>\n\t\t\t\t\t<\/span>\n\t\t\t\t\t<\/a>\n\t\t\t\t<\/div>\n\t\t\t\t\t\t<\/div>\n\t\t\t\t<\/div>\n\t\t\t\t<\/div>\n\t\t\t\t\t<\/div>\n\t\t\t\t<\/div>\n\t\t<div class=\"elementor-element elementor-element-e9bb7bd e-con-full e-flex e-con e-parent\" data-id=\"e9bb7bd\" data-element_type=\"container\">\n\t\t\t\t<div class=\"elementor-element elementor-element-a6a2f23 elementor-widget elementor-widget-text-editor\" data-id=\"a6a2f23\" data-element_type=\"widget\" data-widget_type=\"text-editor.default\">\n\t\t\t\t<div class=\"elementor-widget-container\">\n\t\t\t\t\t\t\t<p style=\"font-weight: 400;\">Ce cours est d\u00e9di\u00e9 aux jeunes chiens de 6 \u00e0 12 mois.\u00a0<\/p><p style=\"font-weight: 400;\">Il prend naturellement la suite du travail effectu\u00e9 \u00e0 l\u2019\u00e9cole des chiots tout en tenant compte que ce ne sont plus des \u00ab\u00a0b\u00e9b\u00e9s\u00a0\u00bb mais des \u00ab\u00a0pr\u00e9 adultes\u00a0\u00bb en d\u00e9but ou pleine pubert\u00e9 entra\u00eenant pas mal de changements dans le corps et la t\u00eate de nos chers compagnons \u00e0 quatre pattes\u00a0!!!!!<\/p><p style=\"font-weight: 400;\">Le cours se fera en laisse sauf exception (sur proposition des \u00e9ducateurs)<\/p><p style=\"font-weight: 400;\">Nous travaillerons\u00a0:<\/p><ul><li style=\"font-weight: 400;\">Les auto-contr\u00f4les du chien \u00e0 travers diff\u00e9rents exercices. Ces \u00ab\u00a0codes\u00a0\u00bb sont primordiaux pour une vie sereine parmi les chiens et les humains. Travail de l\u2019attention naturelle et non contrainte du chien par rapport au ma\u00eetre. Travail de la stabilit\u00e9.<\/li><li style=\"font-weight: 400;\">La communication ma\u00eetre\/chien\u00a0: une lecture minimale des comportements de nos compagnons est indispensable pour bien vivre avec lui.\u00a0<\/li><\/ul><p style=\"font-weight: 400;\">Nous aborderons la \u00ab\u00a0main de contr\u00f4le\u00a0\u00bb tr\u00e8s utiles pour tous les apprentissages de tous les jours et\/ou pour les personnes souhaitant par la suite pratiquer une activit\u00e9 canine.<\/p><p style=\"font-weight: 400;\">Nous proposerons au chien des situations vari\u00e9es pour le pr\u00e9parer \u00e0 la vie dans la ville, foire, magasin, v\u00e9t\u00e9rinaire etc \u2026. ainsi que des manipulations de base.<\/p><p style=\"font-weight: 400;\">Ce cours n\u2019est pas un cours d\u2019\u00e9ducation au sens classique du terme, les assis, couch\u00e9, pas boug\u00e9 etc &#8230; n\u2019y seront qu\u2019abord\u00e9 selon besoin car \u00e0 cet \u00e2ge l\u2019essentiel pour le duo ma\u00eetre\/chien n\u2019est pas l\u00e0.<\/p><p style=\"font-weight: 400;\">Si le duo est construit sur de bonnes bases c\u2019est \u00e0 dire une bonne compr\u00e9hension du chien et pour le chien une bonne compr\u00e9hension du ma\u00eetre, vous pourrez ensuite tout envisager avec votre compagnon poilu\u00a0!!!!!!!!!!!!!!<\/p><p style=\"font-weight: 400;\">Vous aurez tout le temps de voir tout \u00e7a au cours d&rsquo;\u00e9ducation 1 puis 2 qui prend la suite pour les chiens plus \u00e2g\u00e9s<\/p>\t\t\t\t\t\t<\/div>\n\t\t\t\t<\/div>\n\t\t\t\t<\/div>\n\t\t<div class=\"elementor-element elementor-element-eaa2013 e-con-full e-flex e-con e-parent\" data-id=\"eaa2013\" data-element_type=\"container\" data-settings=\"{&quot;background_background&quot;:&quot;classic&quot;}\">\n\t\t\t\t<div class=\"elementor-element elementor-element-a5ca3fa elementor-widget elementor-widget-heading\" data-id=\"a5ca3fa\" data-element_type=\"widget\" data-widget_type=\"heading.default\">\n\t\t\t\t<div class=\"elementor-widget-container\">\n\t\t\t<h2 class=\"elementor-heading-title elementor-size-default\">A SAVOIR<\/h2>\t\t<\/div>\n\t\t\t\t<\/div>\n\t\t\t\t<div class=\"elementor-element elementor-element-5bf46de elementor-widget elementor-widget-eael-feature-list\" data-id=\"5bf46de\" data-element_type=\"widget\" data-widget_type=\"eael-feature-list.default\">\n\t\t\t\t<div class=\"elementor-widget-container\">\n\t\t\t\t\t<div class=\"-icon-position-left -tablet-icon-position-left -mobile-icon-position-left\">\n\t\t\t<ul id=\"eael-feature-list-5bf46de\" class=\"eael-feature-list-items circle stacked  eael-feature-list-vertical\">\n\t\t\t                <li class=\"eael-feature-list-item elementor-repeater-item-4166b5d\">\n                    \n\t\t\t\t\t\t<div class=\"eael-feature-list-icon-box\">\n\t\t\t\t\t\t\t<div class=\"eael-feature-list-icon-inner\">\n\n\t\t\t\t\t\t\t\t<span class=\"eael-feature-list-icon fl-icon-0\">\n\n\t\t<img decoding=\"async\" src=\"http:\/\/slctorcy.fr\/WorldPress\/wp-content\/uploads\/2026\/03\/uzaq_pzrt_230427-scaled.jpg\" class=\"eael-feature-list-img\" alt=\"\">\t\t\t\t\t\t\t\t<\/span>\n\t\t\t\t\t\t\t<\/div>\n\t\t\t\t\t\t<\/div>\n\t\t\t\t\t\t<div class=\"eael-feature-list-content-box\">\n                            <h2 class=\"eael-feature-list-title\"><\/h2>\t\t\t\t\t\t<p class=\"eael-feature-list-content\">Chien \u00e2g\u00e9 6 - 12 mois<\/p>\n\t\t\t\t\t\t<\/div>\n\n\t\t\t\t\t<\/li>\n\t\t\t\t                <li class=\"eael-feature-list-item elementor-repeater-item-8a88bc4\">\n                    \n\t\t\t\t\t\t<div class=\"eael-feature-list-icon-box\">\n\t\t\t\t\t\t\t<div class=\"eael-feature-list-icon-inner\">\n\n\t\t\t\t\t\t\t\t<span class=\"eael-feature-list-icon fl-icon-1\">\n\n\t\t<img decoding=\"async\" src=\"http:\/\/slctorcy.fr\/WorldPress\/wp-content\/uploads\/2026\/03\/aucun-signe-chien-beagle-animal-compagnie_101087-901.jpg\" class=\"eael-feature-list-img\" alt=\"\">\t\t\t\t\t\t\t\t<\/span>\n\t\t\t\t\t\t\t<\/div>\n\t\t\t\t\t\t<\/div>\n\t\t\t\t\t\t<div class=\"eael-feature-list-content-box\">\n                            <h2 class=\"eael-feature-list-title\"><\/h2>\t\t\t\t\t\t<p class=\"eael-feature-list-content\">Pas de chienne en chaleur<\/p>\n\t\t\t\t\t\t<\/div>\n\n\t\t\t\t\t<\/li>\n\t\t\t\t                <li class=\"eael-feature-list-item elementor-repeater-item-a32f707\">\n                    \n\t\t\t\t\t\t<div class=\"eael-feature-list-icon-box\">\n\t\t\t\t\t\t\t<div class=\"eael-feature-list-icon-inner\">\n\n\t\t\t\t\t\t\t\t<span class=\"eael-feature-list-icon fl-icon-2\">\n\n\t\t<img decoding=\"async\" src=\"http:\/\/slctorcy.fr\/WorldPress\/wp-content\/uploads\/2026\/03\/5abbdac5-52e7-4e81-9c57-1b0a7e9af2ea.jpg\" class=\"eael-feature-list-img\" alt=\"\">\t\t\t\t\t\t\t\t<\/span>\n\t\t\t\t\t\t\t<\/div>\n\t\t\t\t\t\t<\/div>\n\t\t\t\t\t\t<div class=\"eael-feature-list-content-box\">\n                            <h2 class=\"eael-feature-list-title\"><\/h2>\t\t\t\t\t\t<p class=\"eael-feature-list-content\">Pas de pr\u00e9 requis\u00a0<\/p>\n\t\t\t\t\t\t<\/div>\n\n\t\t\t\t\t<\/li>\n\t\t\t\t\t\t\t<\/ul>\n\t\t<\/div>\n\t\t\t\t<\/div>\n\t\t\t\t<\/div>\n\t\t\t\t<\/div>\n\t\t<div class=\"elementor-element elementor-element-f2b5e56 e-con-full e-flex e-con e-parent\" data-id=\"f2b5e56\" data-element_type=\"container\" data-settings=\"{&quot;background_background&quot;:&quot;classic&quot;}\">\n\t\t\t\t<div class=\"elementor-element elementor-element-155232f elementor-widget elementor-widget-heading\" data-id=\"155232f\" data-element_type=\"widget\" data-widget_type=\"heading.default\">\n\t\t\t\t<div class=\"elementor-widget-container\">\n\t\t\t<h2 class=\"elementor-heading-title elementor-size-default\">Pr\u00e9voir dans son sac<\/h2>\t\t<\/div>\n\t\t\t\t<\/div>\n\t\t\t\t<div class=\"elementor-element elementor-element-599753e elementor-widget elementor-widget-eael-feature-list\" data-id=\"599753e\" data-element_type=\"widget\" data-widget_type=\"eael-feature-list.default\">\n\t\t\t\t<div class=\"elementor-widget-container\">\n\t\t\t\t\t<div class=\"-icon-position-left -tablet-icon-position-left -mobile-icon-position-left\">\n\t\t\t<ul id=\"eael-feature-list-599753e\" class=\"eael-feature-list-items circle stacked  eael-feature-list-vertical\">\n\t\t\t                <li class=\"eael-feature-list-item elementor-repeater-item-2acd81b\">\n                    \n\t\t\t\t\t\t<div class=\"eael-feature-list-icon-box\">\n\t\t\t\t\t\t\t<div class=\"eael-feature-list-icon-inner\">\n\n\t\t\t\t\t\t\t\t<span class=\"eael-feature-list-icon fl-icon-0\">\n\n\t\t<img decoding=\"async\" src=\"http:\/\/slctorcy.fr\/WorldPress\/wp-content\/uploads\/2024\/11\/Logo-laisse.jpg\" class=\"eael-feature-list-img\" alt=\"\">\t\t\t\t\t\t\t\t<\/span>\n\t\t\t\t\t\t\t<\/div>\n\t\t\t\t\t\t<\/div>\n\t\t\t\t\t\t<div class=\"eael-feature-list-content-box\">\n                            <h2 class=\"eael-feature-list-title\"><\/h2>\t\t\t\t\t\t<p class=\"eael-feature-list-content\">Mettre un collier plat \u00e0 votre chien qui vous permettra d'avoir plus de contr\u00f4le sur lui et donc plus de facilit\u00e9 pour travailler durant le cours et prendre une laisse d'environ 1 m\u00e8tre. Pas de longe ni de laisse enrouleur et \u00e9viter (sauf exception) le harnais qui incite malheureusement votre jeune chien \u00e0 tirer<\/p>\n\t\t\t\t\t\t<\/div>\n\n\t\t\t\t\t<\/li>\n\t\t\t\t                <li class=\"eael-feature-list-item elementor-repeater-item-4166b5d\">\n                    \n\t\t\t\t\t\t<div class=\"eael-feature-list-icon-box\">\n\t\t\t\t\t\t\t<div class=\"eael-feature-list-icon-inner\">\n\n\t\t\t\t\t\t\t\t<span class=\"eael-feature-list-icon fl-icon-1\">\n\n\t\t<img decoding=\"async\" src=\"http:\/\/slctorcy.fr\/WorldPress\/wp-content\/uploads\/2024\/11\/logo-friandise-club-scaled.jpg\" class=\"eael-feature-list-img\" alt=\"\">\t\t\t\t\t\t\t\t<\/span>\n\t\t\t\t\t\t\t<\/div>\n\t\t\t\t\t\t<\/div>\n\t\t\t\t\t\t<div class=\"eael-feature-list-content-box\">\n                            <h2 class=\"eael-feature-list-title\"><\/h2>\t\t\t\t\t\t<p class=\"eael-feature-list-content\">Des friandises tr\u00e8s app\u00e9tentes et\/ou le jouet pr\u00e9f\u00e9r\u00e9 de votre chien.<\/p>\n\t\t\t\t\t\t<\/div>\n\n\t\t\t\t\t<\/li>\n\t\t\t\t                <li class=\"eael-feature-list-item elementor-repeater-item-8a88bc4\">\n                    \n\t\t\t\t\t\t<div class=\"eael-feature-list-icon-box\">\n\t\t\t\t\t\t\t<div class=\"eael-feature-list-icon-inner\">\n\n\t\t\t\t\t\t\t\t<span class=\"eael-feature-list-icon fl-icon-2\">\n\n\t\t<img decoding=\"async\" src=\"http:\/\/slctorcy.fr\/WorldPress\/wp-content\/uploads\/2024\/11\/Logo-gamelle.jpg\" class=\"eael-feature-list-img\" alt=\"\">\t\t\t\t\t\t\t\t<\/span>\n\t\t\t\t\t\t\t<\/div>\n\t\t\t\t\t\t<\/div>\n\t\t\t\t\t\t<div class=\"eael-feature-list-content-box\">\n                            <h2 class=\"eael-feature-list-title\"><\/h2>\t\t\t\t\t\t<p class=\"eael-feature-list-content\">Une gamelle d'eau en cas de forte chaleur (pas d'eau potable au club)<\/p>\n\t\t\t\t\t\t<\/div>\n\n\t\t\t\t\t<\/li>\n\t\t\t\t                <li class=\"eael-feature-list-item elementor-repeater-item-a32f707\">\n                    \n\t\t\t\t\t\t<div class=\"eael-feature-list-icon-box\">\n\t\t\t\t\t\t\t<div class=\"eael-feature-list-icon-inner\">\n\n\t\t\t\t\t\t\t\t<span class=\"eael-feature-list-icon fl-icon-3\">\n\n\t\t<img decoding=\"async\" src=\"http:\/\/slctorcy.fr\/WorldPress\/wp-content\/uploads\/2024\/11\/Logo-crotte-club.jpg\" class=\"eael-feature-list-img\" alt=\"\">\t\t\t\t\t\t\t\t<\/span>\n\t\t\t\t\t\t\t<\/div>\n\t\t\t\t\t\t<\/div>\n\t\t\t\t\t\t<div class=\"eael-feature-list-content-box\">\n                            <h2 class=\"eael-feature-list-title\"><\/h2>\t\t\t\t\t\t<p class=\"eael-feature-list-content\">Sac \u00e0 d\u00e9jection canine<\/p>\n\t\t\t\t\t\t<\/div>\n\n\t\t\t\t\t<\/li>\n\t\t\t\t\t\t\t<\/ul>\n\t\t<\/div>\n\t\t\t\t<\/div>\n\t\t\t\t<\/div>\n\t\t\t\t<\/div>\n\t\t<div class=\"elementor-element elementor-element-e70572f e-con-full e-flex e-con e-child\" data-id=\"e70572f\" data-element_type=\"container\" data-settings=\"{&quot;background_background&quot;:&quot;classic&quot;,&quot;shape_divider_top&quot;:&quot;curve&quot;}\">\n\t\t\t\t<div class=\"elementor-shape elementor-shape-top\" data-negative=\"false\">\n\t\t\t<svg xmlns=\"http:\/\/www.w3.org\/2000\/svg\" viewBox=\"0 0 1000 100\" preserveAspectRatio=\"none\">\n    <path class=\"elementor-shape-fill\" d=\"M1000,4.3V0H0v4.3C0.9,23.1,126.7,99.2,500,100S1000,22.7,1000,4.3z\"\/>\n<\/svg>\t\t<\/div>\n\t\t\t\t<div class=\"elementor-element elementor-element-2f7f0f1 elementor-widget elementor-widget-heading\" data-id=\"2f7f0f1\" data-element_type=\"widget\" data-widget_type=\"heading.default\">\n\t\t\t\t<div class=\"elementor-widget-container\">\n\t\t\t<h2 class=\"elementor-heading-title elementor-size-default\">Nos moniteurs pour vous accueillir <\/h2>\t\t<\/div>\n\t\t\t\t<\/div>\n\t\t\t\t<\/div>\n\t\t<div class=\"elementor-element elementor-element-795d707 e-flex e-con-boxed e-con e-parent\" data-id=\"795d707\" data-element_type=\"container\">\n\t\t\t\t\t<div class=\"e-con-inner\">\n\t\t\t\t<div class=\"elementor-element elementor-element-dac3405 elementor-position-top elementor-widget elementor-widget-image-box\" data-id=\"dac3405\" data-element_type=\"widget\" data-widget_type=\"image-box.default\">\n\t\t\t\t<div class=\"elementor-widget-container\">\n\t\t\t<div class=\"elementor-image-box-wrapper\"><figure class=\"elementor-image-box-img\"><img decoding=\"async\" width=\"591\" height=\"591\" src=\"http:\/\/slctorcy.fr\/WorldPress\/wp-content\/uploads\/2024\/10\/Nathalie.jpg\" class=\"attachment-full size-full wp-image-422\" alt=\"\" srcset=\"http:\/\/slctorcy.fr\/WorldPress\/wp-content\/uploads\/2024\/10\/Nathalie.jpg 591w, http:\/\/slctorcy.fr\/WorldPress\/wp-content\/uploads\/2024\/10\/Nathalie-300x300.jpg 300w, http:\/\/slctorcy.fr\/WorldPress\/wp-content\/uploads\/2024\/10\/Nathalie-150x150.jpg 150w\" sizes=\"(max-width: 591px) 100vw, 591px\" \/><\/figure><div class=\"elementor-image-box-content\"><h3 class=\"elementor-image-box-title\">NATHALIE<\/h3><p class=\"elementor-image-box-description\">Responsable<\/p><\/div><\/div>\t\t<\/div>\n\t\t\t\t<\/div>\n\t\t\t\t<div class=\"elementor-element elementor-element-c9d8fd4 elementor-position-top elementor-widget elementor-widget-image-box\" data-id=\"c9d8fd4\" data-element_type=\"widget\" data-widget_type=\"image-box.default\">\n\t\t\t\t<div class=\"elementor-widget-container\">\n\t\t\t<div class=\"elementor-image-box-wrapper\"><figure class=\"elementor-image-box-img\"><img decoding=\"async\" width=\"591\" height=\"591\" src=\"http:\/\/slctorcy.fr\/WorldPress\/wp-content\/uploads\/2024\/10\/Marianne.jpg\" class=\"attachment-full size-full wp-image-419\" alt=\"\" srcset=\"http:\/\/slctorcy.fr\/WorldPress\/wp-content\/uploads\/2024\/10\/Marianne.jpg 591w, http:\/\/slctorcy.fr\/WorldPress\/wp-content\/uploads\/2024\/10\/Marianne-300x300.jpg 300w, http:\/\/slctorcy.fr\/WorldPress\/wp-content\/uploads\/2024\/10\/Marianne-150x150.jpg 150w\" sizes=\"(max-width: 591px) 100vw, 591px\" \/><\/figure><div class=\"elementor-image-box-content\"><h3 class=\"elementor-image-box-title\">MARIANNE<\/h3><\/div><\/div>\t\t<\/div>\n\t\t\t\t<\/div>\n\t\t\t\t<div class=\"elementor-element elementor-element-064ac8d elementor-position-top elementor-widget elementor-widget-image-box\" data-id=\"064ac8d\" data-element_type=\"widget\" data-widget_type=\"image-box.default\">\n\t\t\t\t<div class=\"elementor-widget-container\">\n\t\t\t<div class=\"elementor-image-box-wrapper\"><figure class=\"elementor-image-box-img\"><img loading=\"lazy\" decoding=\"async\" width=\"591\" height=\"591\" src=\"http:\/\/slctorcy.fr\/WorldPress\/wp-content\/uploads\/2024\/10\/Philippe.jpg\" class=\"attachment-full size-full wp-image-423\" alt=\"\" srcset=\"http:\/\/slctorcy.fr\/WorldPress\/wp-content\/uploads\/2024\/10\/Philippe.jpg 591w, http:\/\/slctorcy.fr\/WorldPress\/wp-content\/uploads\/2024\/10\/Philippe-300x300.jpg 300w, http:\/\/slctorcy.fr\/WorldPress\/wp-content\/uploads\/2024\/10\/Philippe-150x150.jpg 150w\" sizes=\"(max-width: 591px) 100vw, 591px\" \/><\/figure><div class=\"elementor-image-box-content\"><h3 class=\"elementor-image-box-title\">PHILIPPE<\/h3><\/div><\/div>\t\t<\/div>\n\t\t\t\t<\/div>\n\t\t\t\t\t<\/div>\n\t\t\t\t<\/div>\n\t\t<div class=\"elementor-element elementor-element-e6182f2 e-flex e-con-boxed e-con e-parent\" data-id=\"e6182f2\" data-element_type=\"container\">\n\t\t\t\t\t<div class=\"e-con-inner\">\n\t\t\t\t<div class=\"elementor-element elementor-element-58ebcdd elementor-widget-divider--view-line elementor-widget elementor-widget-divider\" data-id=\"58ebcdd\" data-element_type=\"widget\" data-widget_type=\"divider.default\">\n\t\t\t\t<div class=\"elementor-widget-container\">\n\t\t\t\t\t<div class=\"elementor-divider\">\n\t\t\t<span class=\"elementor-divider-separator\">\n\t\t\t\t\t\t<\/span>\n\t\t<\/div>\n\t\t\t\t<\/div>\n\t\t\t\t<\/div>\n\t\t\t\t\t<\/div>\n\t\t\t\t<\/div>\n\t\t<div class=\"elementor-element elementor-element-29cd531 e-con-full e-flex e-con e-parent\" data-id=\"29cd531\" data-element_type=\"container\" data-settings=\"{&quot;background_background&quot;:&quot;gradient&quot;}\">\n\t\t\t\t<div class=\"elementor-element elementor-element-e1f56f7 elementor-arrows-position-inside elementor-pagination-position-outside elementor-widget elementor-widget-image-carousel\" data-id=\"e1f56f7\" data-element_type=\"widget\" data-settings=\"{&quot;slides_to_show&quot;:&quot;2&quot;,&quot;navigation&quot;:&quot;both&quot;,&quot;autoplay&quot;:&quot;yes&quot;,&quot;pause_on_hover&quot;:&quot;yes&quot;,&quot;pause_on_interaction&quot;:&quot;yes&quot;,&quot;autoplay_speed&quot;:5000,&quot;infinite&quot;:&quot;yes&quot;,&quot;speed&quot;:500}\" data-widget_type=\"image-carousel.default\">\n\t\t\t\t<div class=\"elementor-widget-container\">\n\t\t\t\t\t<div class=\"elementor-image-carousel-wrapper swiper\" dir=\"ltr\">\n\t\t\t<div class=\"elementor-image-carousel swiper-wrapper\" aria-live=\"off\">\n\t\t\t\t\t\t\t\t<div class=\"swiper-slide\" role=\"group\" aria-roledescription=\"slide\" aria-label=\"1 sur 4\"><figure class=\"swiper-slide-inner\"><img decoding=\"async\" class=\"swiper-slide-image\" src=\"http:\/\/slctorcy.fr\/WorldPress\/wp-content\/uploads\/2024\/10\/400X300_Ecole-ados_6.jpg\" alt=\"400X300_Ecole ados_6\" \/><\/figure><\/div><div class=\"swiper-slide\" role=\"group\" aria-roledescription=\"slide\" aria-label=\"2 sur 4\"><figure class=\"swiper-slide-inner\"><img decoding=\"async\" class=\"swiper-slide-image\" src=\"http:\/\/slctorcy.fr\/WorldPress\/wp-content\/uploads\/2024\/10\/400X300_Ecole-ados_4.jpg\" alt=\"400X300_Ecole ados_4\" \/><\/figure><\/div><div class=\"swiper-slide\" role=\"group\" aria-roledescription=\"slide\" aria-label=\"3 sur 4\"><figure class=\"swiper-slide-inner\"><img decoding=\"async\" class=\"swiper-slide-image\" src=\"http:\/\/slctorcy.fr\/WorldPress\/wp-content\/uploads\/2024\/10\/400X300_Ecole-ados-2.jpg\" alt=\"400X300_Ecole ados 2\" \/><\/figure><\/div><div class=\"swiper-slide\" role=\"group\" aria-roledescription=\"slide\" aria-label=\"4 sur 4\"><figure class=\"swiper-slide-inner\"><img decoding=\"async\" class=\"swiper-slide-image\" src=\"http:\/\/slctorcy.fr\/WorldPress\/wp-content\/uploads\/2024\/10\/400X300_Ecole-ados-1.jpg\" alt=\"400X300_Ecole ados 1\" \/><\/figure><\/div>\t\t\t<\/div>\n\t\t\t\t\t\t\t\t\t\t\t\t<div class=\"elementor-swiper-button elementor-swiper-button-prev\" role=\"button\" tabindex=\"0\">\n\t\t\t\t\t\t<svg aria-hidden=\"true\" class=\"e-font-icon-svg e-eicon-chevron-left\" viewBox=\"0 0 1000 1000\" xmlns=\"http:\/\/www.w3.org\/2000\/svg\"><path d=\"M646 125C629 125 613 133 604 142L308 442C296 454 292 471 292 487 292 504 296 521 308 533L604 854C617 867 629 875 646 875 663 875 679 871 692 858 704 846 713 829 713 812 713 796 708 779 692 767L438 487 692 225C700 217 708 204 708 187 708 171 704 154 692 142 675 129 663 125 646 125Z\"><\/path><\/svg>\t\t\t\t\t<\/div>\n\t\t\t\t\t<div class=\"elementor-swiper-button elementor-swiper-button-next\" role=\"button\" tabindex=\"0\">\n\t\t\t\t\t\t<svg aria-hidden=\"true\" class=\"e-font-icon-svg e-eicon-chevron-right\" viewBox=\"0 0 1000 1000\" xmlns=\"http:\/\/www.w3.org\/2000\/svg\"><path d=\"M696 533C708 521 713 504 713 487 713 471 708 454 696 446L400 146C388 133 375 125 354 125 338 125 325 129 313 142 300 154 292 171 292 187 292 204 296 221 308 233L563 492 304 771C292 783 288 800 288 817 288 833 296 850 308 863 321 871 338 875 354 875 371 875 388 867 400 854L696 533Z\"><\/path><\/svg>\t\t\t\t\t<\/div>\n\t\t\t\t\n\t\t\t\t\t\t\t\t\t<div class=\"swiper-pagination\"><\/div>\n\t\t\t\t\t\t\t\t\t<\/div>\n\t\t\t\t<\/div>\n\t\t\t\t<\/div>\n\t\t\t\t<\/div>\n\t\t\t\t<\/div>\n\t\t","protected":false},"excerpt":{"rendered":"<p>ECOLES DES ADOS Les horaires des cours sont dispens\u00e9s pour les chiots de 6 mois \u00e0 1 an : Samedi 9h00 &#8211; 10h00 Pensez \u00e0 vous inscrire ici Ce cours&#8230;<\/p>\n","protected":false},"author":1,"featured_media":0,"parent":0,"menu_order":0,"comment_status":"closed","ping_status":"closed","template":"","meta":{"_kad_post_transparent":"","_kad_post_title":"hide","_kad_post_layout":"fullwidth","_kad_post_sidebar_id":"","_kad_post_content_style":"unboxed","_kad_post_vertical_padding":"hide","_kad_post_feature":"hide","_kad_post_feature_position":"","_kad_post_header":false,"_kad_post_footer":false,"footnotes":""},"folder":[24],"class_list":["post-663","page","type-page","status-publish","hentry"],"_links":{"self":[{"href":"http:\/\/slctorcy.fr\/WorldPress\/wp-json\/wp\/v2\/pages\/663","targetHints":{"allow":["GET"]}}],"collection":[{"href":"http:\/\/slctorcy.fr\/WorldPress\/wp-json\/wp\/v2\/pages"}],"about":[{"href":"http:\/\/slctorcy.fr\/WorldPress\/wp-json\/wp\/v2\/types\/page"}],"author":[{"embeddable":true,"href":"http:\/\/slctorcy.fr\/WorldPress\/wp-json\/wp\/v2\/users\/1"}],"replies":[{"embeddable":true,"href":"http:\/\/slctorcy.fr\/WorldPress\/wp-json\/wp\/v2\/comments?post=663"}],"version-history":[{"count":88,"href":"http:\/\/slctorcy.fr\/WorldPress\/wp-json\/wp\/v2\/pages\/663\/revisions"}],"predecessor-version":[{"id":4862,"href":"http:\/\/slctorcy.fr\/WorldPress\/wp-json\/wp\/v2\/pages\/663\/revisions\/4862"}],"wp:attachment":[{"href":"http:\/\/slctorcy.fr\/WorldPress\/wp-json\/wp\/v2\/media?parent=663"}],"wp:term":[{"taxonomy":"folder","embeddable":true,"href":"http:\/\/slctorcy.fr\/WorldPress\/wp-json\/wp\/v2\/folder?post=663"}],"curies":[{"name":"wp","href":"https:\/\/api.w.org\/{rel}","templated":true}]}}